the prime factors of w.
2, 3, 5
Let l(b) = b**3 - b**2 - 3*b - 17. List the prime factors of l(5).
2, 17
Let k(r) = -r**2 - 7*r - 4. Suppose 2*n = 4*b, 4*b - b + 9 = 0. Let f be k(n). Suppose j - w = 9, -j - 3*j = -f*w - 38. List the prime factors of j.
2, 5
Let j be 4/((-8)/(-6)) + 4. Let u(b) = b**3 - 6*b**2 - 6*b + 7. List the prime factors of u(j).
2, 7
Suppose 0 = -3*r - 10 + 31. Let u(f) be the first derivative of f**3/3 - 5*f**2/2 + f - 2. What are the prime factors of u(r)?
3, 5
Let a(b) = 5*b**3 - b**2 + b. Let x be a(2). Suppose 8 = -3*d + x. List the prime factors of d.
2, 5
Suppose 15 = -10*d + 5*d. Let y be 1 - (0 + 3/d). Suppose y = 4*f - 10. List the prime factors of f.
3
Let w(o) = 3*o + 2*o - 4*o. Let u be w(3). Suppose l = -5*z + 12, 2*l + 5*z - 8 = u*z. List the prime factors of l.
2
Let h = 88 - -116. What are the prime factors of (h/(-10))/(6/(-15))?
3, 17
List the prime factors of ((-12)/1 - 1)/(-1).
13
Suppose -15*c + 77 = -8*c. What are the prime factors of c?
11
Suppose 0 = g - r - 10 + 4, -2*g + 4*r = -14. Let i = 0 + g. List the prime factors of i.
5
Let j(l) = 31*l**2 + 6*l - 5. What are the prime factors of j(1)?
2
Let g(x) = 2*x + 2*x - 1 + 2*x. Let h be g(1). Suppose 3*u - 20 = 2*t - 4*t, -42 = -4*u + h*t. List the prime factors of u.
2
Let k be (-198)/(-10) - 1/(-5). Suppose 3*l - k = -l. List the prime factors of l.
5
Suppose 0 = -4*g + g - 12, m - 92 = 2*g. What are the prime factors of m?
2, 3, 7
Suppose -4*n + 3*t = -24, -2*n + 7*n = 5*t + 35. Suppose m + n = 2*m. What are the prime factors of m?
3
Suppose 5*z + 1 = 16. Suppose x - z*q = -8*q - 2, -x + 2 = q. List the prime factors of x.
3
Let b(i) be the first derivative of 1 + 1/3*i**3 + 9*i - 7/2*i**2. List the prime factors of b(6).
3
List the prime factors of 3 + -7 + 1 + 75.
2, 3
Let q = 278 + -98. List the prime factors of q.
2, 3, 5
Let o = -146 - -76. Let y = -37 - o. What are the prime factors of y?
3, 11
Let t = -41 - -64. Suppose -t = -4*w + 1. List the prime factors of w.
2, 3
Let r(f) = -5*f + 1. Let c be r(3). Let g = c - -8. List the prime factors of 4/g - (-8)/3.
2
Let f(v) = v**3 + v**2 - v + 4. List the prime factors of f(3).
37
Let x(k) = k**2 - 6*k + 16. What are the prime factors of x(7)?
23
Suppose 0 = -3*u + 55 + 71. What are the prime factors of u?
2, 3, 7
Suppose -4*v = -177 - 63. List the prime factors of v.
2, 3, 5
Suppose 0 = 5*z + 2*l - 49, -4*z + 32 = -3*l + 2. Let m = 18 - z. What are the prime factors of m?
3
Let v(z) = 22*z + 4. List the prime factors of v(2).
2, 3
What are the prime factors of 1400/15 - (-2)/(-6)?
3, 31
Suppose 5*o - 130 = -2*b, -o + b - 104 = -5*o. What are the prime factors of o?
2, 13
Let s(x) = -3*x - 7. Let r(i) = -1. Let q(c) = -3*r(c) + s(c). List the prime factors of q(-5).
11
Let k = -18 + 18. Let p = k + 13. List the prime factors of p.
13
Suppose 67 - 451 = -4*v - 3*h, 0 = 2*v + 5*h - 178. What are the prime factors of v?
3, 11
Let k(q) be the second derivative of -q**5/20 + q**4/4 + q**3/2 + q**2 + q. Suppose 4*f - 4 = 2*o, 2*o = 5*f + 6*o - 31. What are the prime factors of k(f)?
11
Let i(y) = y**2 - 3*y - 2. Suppose 2*w - 4 = 5*r - 39, 3*w + 3*r = 0. List the prime factors of i(w).
2, 19
Suppose 0 + 8 = 4*g. Let f be (-3 + 1)*(-6)/4. Suppose f*b = g*b + 3. List the prime factors of b.
3
Let z = 1 - 0. Let v be ((-24)/6)/(z*-2). Suppose 5*x - v*q = -3*q + 72, -5*x + 69 = 2*q. List the prime factors of x.
3, 5
Let s be 167/2 + (-2)/(-4). Suppose r = -3*r + s. List the prime factors of r.
3, 7
Let n(t) = -t + 11. Suppose -2*s + 9 = -1. Suppose 15 = 2*h + s*b - 20, -3*h = 2*b - 25. What are the prime factors of n(h)?
2, 3
Let y = 29 - 15. What are the prime factors of ((-119)/y)/(1/(-2))?
17
Suppose 3*w = -5*r + 2*w - 25, 3*w - 15 = 3*r. Let o be ((-3)/2)/(r/(-10)). Let j = o - -7. What are the prime factors of j?
2
Let d be (-1 + 2)/((-1)/(-3)). Suppose d*x - 3*o + 3 + 0 = 0, 3*o = -3*x + 27. Suppose u - 30 = -x*u. What are the prime factors of u?
2, 3
Let n = -105 + 168. What are the prime factors of n?
3, 7
Let k(r) = -22*r - 3 + 3 - 1. Let a be k(-1). Let q = a + -12. List the prime factors of q.
3
Let g(z) = 5*z - 18. What are the prime factors of g(4)?
2
List the prime factors of 15*(-3 - 11/(-3)).
2, 5
Let o be -2*(-4 + 2)*1. Suppose -b = -o*a + 5*a - 6, -2*a = -b. Suppose -a*v + 23 = 7. List the prime factors of v.
2
Let y be 22/5 - (-2)/(-5). Let t be (-4)/(-20) + 79/5. Suppose -y*c = -9*c - 2*l + t, -3*l = 2*c - 13. What are the prime factors of c?
2
Suppose -5*f + 43 + 57 = 0. What are the prime factors of f?
2, 5
Let m be 2/(-10) - 36/(-30). Let f = m + 19. List the prime factors of f.
2, 5
Let r be 20 + (-3 - -1 - 2). Suppose -2*v + r + 40 = 0. What are the prime factors of v?
2, 7
Let q be 852/20 + 4/10. Let w = q + -21. List the prime factors of w.
2, 11
Let d(r) = 3*r. Suppose -4*m = -0*m - 36. Let k be -2 - (-3)/(m/15). List the prime factors of d(k).
3
Let t(j) be the first derivative of -j**4/4 - 7*j**3/3 + 3*j**2 - 4*j + 1. What are the prime factors of t(-8)?
2, 3
Suppose -5*l = -0*l - 30. Let s be (-10)/8 + l/(-8). Let f = s + 5. What are the prime factors of f?
3
Suppose 3*u = -12, -u + 0*u = -q. Let x = q + 6. Suppose n = -4*w + 41, w - 27 = -x*w - 2*n. List the prime factors of w.
11
Let f(w) = 7*w**2 - 2*w + 1. List the prime factors of f(-3).
2, 5, 7
Let v(m) = m**3 + 9*m**2 + m + 11. Let j be v(-9). Suppose j*y - 115 = -33. List the prime factors of y.
41
Let k(c) = c**2 - c. Let u be k(-2). Let a = u - 17. Let r = a - -20. List the prime factors of r.
3
Let g = -48 + 76. List the prime factors of g.
2, 7
Let r(z) = -5*z**3 - z**2 - z + 1. Let v be r(1). Let g be v/9*(-18)/(-3). Let m = 17 + g. List the prime factors of m.
13
Let c(b) = 20*b**2 + 2*b - 1. Let h be c(1). Suppose h = 4*s - s. List the prime factors of s.
7
Let s be (-19)/(-3) - 9/27. Let b(k) be the third derivative of -k**5/60 + k**4/4 + k**3/2 - 2*k**2. What are the prime factors of b(s)?
3
Let l(s) = 51*s - 13. What are the prime factors of l(2)?
89
Let z(i) = 3*i**2 - 2*i - 3. Let b be z(-2). Suppose d + 2*q = 17, 4*q = -3*d + 4*d + b. List the prime factors of d.
7
Suppose 0*r + 25 = 5*r. Suppose -f = -5*k + 21, -5*f = r*k - 55 + 10. Suppose k*y + 3*a - 47 = 0, 45 = 3*y + 4*a + 19. What are the prime factors of y?
2, 5
Suppose 0 = 3*z + 73 - 202. List the prime factors of z.
43
Let i be (86/(-2))/1 + 4. Let j = 67 + i. What are the prime factors of j?
2, 7
Suppose 2*r - 14 = -w + 2*w, 4*w - 32 = -3*r. Suppose 0*h = 5*g + 4*h + 36, -3*g - r = -h. List the prime factors of ((-2)/g)/((-4)/(-16)).
2
Suppose 3 = 3*c - c - 3*r, -4 = -c + 4*r. Suppose c = -5*b + 2*b + 36. What are the prime factors of b?
2, 3
Let a(w) = -w**3 + 6*w**2 - 4*w + 3. Let b be (2 - 3)*(-6)/2. What are the prime factors of a(b)?
2, 3
Suppose 2 = -2*o + 66. Let x = -23 + o. What are the prime factors of x?
3
Suppose 0 = -3*b - 6 - 12. Suppose -74 = 5*c - 4*k, 5*c + 2 = 4*c + 4*k. Let s = b - c. What are the prime factors of s?
2, 3
Let o = 50 - -67. List the prime factors of o.
3, 13
Let w = 10 - -42. Suppose 5*l = -3*b + w, 2*b - l = -0*l + 13. List the prime factors of b.
3
Let a(d) = d**3 + d**2 - 2*d + 1. Let r be a(4). Suppose 2*x - r = -21. List the prime factors of x.
2, 13
Suppose -q - 4*n - 13 = 0, -3*q + 6*n + 12 = n. Let c(m) = -2*m + 1. What are the prime factors of c(q)?
3
Let b be -4 + 6 + (0 - -2). Suppose -b*u = u. Suppose u = 4*g - 0*r + 5*r - 27, -g - 3 = -2*r. What are the prime factors of g?
3
Let i(r) = r - 3. Let t be i(2). Let j(s) = 5*s - 7. Let x(q) = 15*q - 20. Let g(z) = 17*j(z) - 6*x(z). List the prime factors of g(t).
2, 3
Let n(r) = 6*r. Let u(f) = f. Let v(g) = 3*n(g) - 16*u(g). Let o be v(1). What are the prime factors of ((-42)/12)/(o/(-4))?
7
Let s be 5/((-3)/(-3)) - -1. Let j(d) = s*d + 1 + d**2 - 4*d - 4 + 1. What are the prime factors of j(-5)?
13
Let y(v) = -v - 12. Let g be y(-7). List the prime factors of -6*g/(60/52).
2, 13
Let x(o) = -o**3 - 3*o**2 + 4*o + 6. Let j be x(-4). Let n = 2 + j. List the prime factors of n.
2
Suppose -n - k = 0, 0 = -4*n - 2*k + 7*k + 27. Suppose -4*p = -0*p - 36. Suppose -4*u = 2*h - p - n, 0 = -4*h + u + 51. What are the prime factors of h?
2, 3
Let j be 1